{"id":2137,"date":"2023-11-13T18:19:44","date_gmt":"2023-11-13T17:19:44","guid":{"rendered":"https:\/\/recerca.com\/?page_id=2137"},"modified":"2023-11-13T18:19:44","modified_gmt":"2023-11-13T17:19:44","slug":"comunicacion-biomedica","status":"publish","type":"page","link":"https:\/\/recerca.com\/index.php\/comunicacion-biomedica\/","title":{"rendered":"Comunicaci\u00f3n Biom\u00e9dica"},"content":{"rendered":"\n<div class=\"wp-block-columns is-layout-flex wp-container-core-columns-is-layout-9d6595d7 wp-block-columns-is-layout-flex\">\n<div class=\"wp-block-column is-layout-flow wp-block-column-is-layout-flow\"><\/div>\n\n\n\n<div class=\"wp-block-column is-layout-flow wp-block-column-is-layout-flow\">\n<figure class=\"wp-block-image size-large\"><img fetchpriority=\"high\" decoding=\"async\" width=\"1024\" height=\"1024\" src=\"https:\/\/recerca.com\/wp-content\/uploads\/2023\/11\/Connected-world-rafiki-1-1024x1024.png\" alt=\"\" class=\"wp-image-2138\" srcset=\"https:\/\/recerca.com\/wp-content\/uploads\/2023\/11\/Connected-world-rafiki-1-1024x1024.png 1024w, https:\/\/recerca.com\/wp-content\/uploads\/2023\/11\/Connected-world-rafiki-1-300x300.png 300w, https:\/\/recerca.com\/wp-content\/uploads\/2023\/11\/Connected-world-rafiki-1-150x150.png 150w, https:\/\/recerca.com\/wp-content\/uploads\/2023\/11\/Connected-world-rafiki-1-768x768.png 768w, https:\/\/recerca.com\/wp-content\/uploads\/2023\/11\/Connected-world-rafiki-1-1536x1536.png 1536w, https:\/\/recerca.com\/wp-content\/uploads\/2023\/11\/Connected-world-rafiki-1-700x700.png 700w, https:\/\/recerca.com\/wp-content\/uploads\/2023\/11\/Connected-world-rafiki-1-520x520.png 520w, https:\/\/recerca.com\/wp-content\/uploads\/2023\/11\/Connected-world-rafiki-1-360x360.png 360w, https:\/\/recerca.com\/wp-content\/uploads\/2023\/11\/Connected-world-rafiki-1-250x250.png 250w, https:\/\/recerca.com\/wp-content\/uploads\/2023\/11\/Connected-world-rafiki-1-100x100.png 100w, https:\/\/recerca.com\/wp-content\/uploads\/2023\/11\/Connected-world-rafiki-1.png 2000w\" sizes=\"(max-width: 1024px) 100vw, 1024px\" \/><\/figure>\n<\/div>\n\n\n\n<div class=\"wp-block-column is-layout-flow wp-block-column-is-layout-flow\"><\/div>\n<\/div>\n\n\n\n<p>Integra en su organizaci\u00f3n personas dedicadas al dise\u00f1o y desarrollo de proyectos de comunicaci\u00f3n, formaci\u00f3n y explotaci\u00f3n destinadas a difundir informaci\u00f3n y crear inter\u00e9s por parte del colectivo m\u00e9dico, los pacientes o las personas relacionadas con el mundo de la biomedicina y la industria farmac\u00e9utica.<\/p>\n\n\n\n<p>Nuestro departamento de comunicaci\u00f3n y marketing cuenta con un equipo multidisciplinar con amplia experiencia en la elaboraci\u00f3n de estrategias de comunicaci\u00f3n y producci\u00f3n de materiales:<\/p>\n\n\n\n<ul class=\"wp-block-list\">\n<li>Redacci\u00f3n y edici\u00f3n de folletos formativos<\/li>\n\n\n\n<li>Manuales<\/li>\n\n\n\n<li>Monograf\u00edas<\/li>\n\n\n\n<li>Libros<\/li>\n\n\n\n<li><em>Posters<\/em>&nbsp;y presentaciones para congresos y conferencias<\/li>\n\n\n\n<li>Dise\u00f1o y producci\u00f3n de stands publicitarios para reuniones y congresos<\/li>\n\n\n\n<li>Organizaci\u00f3n de reuniones y conferencias<\/li>\n\n\n\n<li>Programas did\u00e1cticos destinados a m\u00e9dicos, pacientes y visitadores m\u00e9dicos<\/li>\n<\/ul>\n","protected":false},"excerpt":{"rendered":"<p> [&hellip;]<\/p>\n","protected":false},"author":1,"featured_media":0,"parent":0,"menu_order":0,"comment_status":"closed","ping_status":"closed","template":"","meta":{"footnotes":""},"class_list":["post-2137","page","type-page","status-publish","hentry","clearfix"],"_links":{"self":[{"href":"https:\/\/recerca.com\/index.php\/wp-json\/wp\/v2\/pages\/2137","targetHints":{"allow":["GET"]}}],"collection":[{"href":"https:\/\/recerca.com\/index.php\/wp-json\/wp\/v2\/pages"}],"about":[{"href":"https:\/\/recerca.com\/index.php\/wp-json\/wp\/v2\/types\/page"}],"author":[{"embeddable":true,"href":"https:\/\/recerca.com\/index.php\/wp-json\/wp\/v2\/users\/1"}],"replies":[{"embeddable":true,"href":"https:\/\/recerca.com\/index.php\/wp-json\/wp\/v2\/comments?post=2137"}],"version-history":[{"count":1,"href":"https:\/\/recerca.com\/index.php\/wp-json\/wp\/v2\/pages\/2137\/revisions"}],"predecessor-version":[{"id":2139,"href":"https:\/\/recerca.com\/index.php\/wp-json\/wp\/v2\/pages\/2137\/revisions\/2139"}],"wp:attachment":[{"href":"https:\/\/recerca.com\/index.php\/wp-json\/wp\/v2\/media?parent=2137"}],"curies":[{"name":"wp","href":"https:\/\/api.w.org\/{rel}","templated":true}]}}