{"id":2102,"date":"2023-11-13T18:05:21","date_gmt":"2023-11-13T17:05:21","guid":{"rendered":"https:\/\/recerca.com\/?page_id=2102"},"modified":"2023-11-13T18:05:21","modified_gmt":"2023-11-13T17:05:21","slug":"diseno-y-regulatorio","status":"publish","type":"page","link":"https:\/\/recerca.com\/index.php\/diseno-y-regulatorio\/","title":{"rendered":"Dise\u00f1o y Regulatorio"},"content":{"rendered":"\n<div class=\"wp-block-columns is-layout-flex wp-container-core-columns-is-layout-9d6595d7 wp-block-columns-is-layout-flex\">\n<div class=\"wp-block-column is-layout-flow wp-block-column-is-layout-flow\"><\/div>\n\n\n\n<div class=\"wp-block-column is-layout-flow wp-block-column-is-layout-flow\">\n<figure class=\"wp-block-image size-large\"><img fetchpriority=\"high\" decoding=\"async\" width=\"1024\" height=\"1024\" src=\"https:\/\/recerca.com\/wp-content\/uploads\/2023\/11\/Scrum-board-pana-1-1024x1024.png\" alt=\"\" class=\"wp-image-2103\" srcset=\"https:\/\/recerca.com\/wp-content\/uploads\/2023\/11\/Scrum-board-pana-1-1024x1024.png 1024w, https:\/\/recerca.com\/wp-content\/uploads\/2023\/11\/Scrum-board-pana-1-300x300.png 300w, https:\/\/recerca.com\/wp-content\/uploads\/2023\/11\/Scrum-board-pana-1-150x150.png 150w, https:\/\/recerca.com\/wp-content\/uploads\/2023\/11\/Scrum-board-pana-1-768x768.png 768w, https:\/\/recerca.com\/wp-content\/uploads\/2023\/11\/Scrum-board-pana-1-1536x1536.png 1536w, https:\/\/recerca.com\/wp-content\/uploads\/2023\/11\/Scrum-board-pana-1-700x700.png 700w, https:\/\/recerca.com\/wp-content\/uploads\/2023\/11\/Scrum-board-pana-1-520x520.png 520w, https:\/\/recerca.com\/wp-content\/uploads\/2023\/11\/Scrum-board-pana-1-360x360.png 360w, https:\/\/recerca.com\/wp-content\/uploads\/2023\/11\/Scrum-board-pana-1-250x250.png 250w, https:\/\/recerca.com\/wp-content\/uploads\/2023\/11\/Scrum-board-pana-1-100x100.png 100w, https:\/\/recerca.com\/wp-content\/uploads\/2023\/11\/Scrum-board-pana-1.png 2000w\" sizes=\"(max-width: 1024px) 100vw, 1024px\" \/><\/figure>\n<\/div>\n\n\n\n<div class=\"wp-block-column is-layout-flow wp-block-column-is-layout-flow\"><\/div>\n<\/div>\n\n\n\n<p>Nuestros equipos de profesionales est\u00e1n especializados en la elaboraci\u00f3n de todas las cuestiones t\u00e9cnicas necesarias para la puesta en marcha de cualquier ensayo o estudio cl\u00ednico:<\/p>\n\n\n\n<ul class=\"wp-block-list\">\n<li>Dise\u00f1o experimental<\/li>\n\n\n\n<li>C\u00e1lculo y justificaciones del tama\u00f1o de la muestra<\/li>\n\n\n\n<li>Redacci\u00f3n del apartado de an\u00e1lisis estad\u00edstico del protocolo<\/li>\n\n\n\n<li>Esquemas de aleatorizaci\u00f3n<\/li>\n\n\n\n<li>Estad\u00edstica descriptiva y de contraste<\/li>\n\n\n\n<li>Normativa vigente:\n<ul class=\"wp-block-list\">\n<li>Estad\u00edstica requerida para la solicitud de autorizaciones<\/li>\n\n\n\n<li>Agencias de regulaci\u00f3n (AEMPS, EMA)<\/li>\n<\/ul>\n<\/li>\n\n\n\n<li>Redacci\u00f3n de informes estad\u00edsticos<\/li>\n<\/ul>\n\n\n\n<p>Asimismo, y atendiendo a una necesidad creciente, ofrecemos nuestros servicios de bioestad\u00edstica para todos aquellos casos en los que se requiere el an\u00e1lisis de datos no ligados a la realizaci\u00f3n de un ensayo o un estudio cl\u00ednico:<\/p>\n\n\n\n<ul class=\"wp-block-list\">\n<li>An\u00e1lisis post-hoc de trabajos de terceros<\/li>\n\n\n\n<li>Re-an\u00e1lisis de datos anteriores con nuevos objetivos y\/o enfoques<\/li>\n\n\n\n<li>Revisiones y meta-an\u00e1lisis para toma de decisiones<\/li>\n<\/ul>\n","protected":false},"excerpt":{"rendered":"<p> [&hellip;]<\/p>\n","protected":false},"author":1,"featured_media":0,"parent":0,"menu_order":0,"comment_status":"closed","ping_status":"closed","template":"","meta":{"footnotes":""},"class_list":["post-2102","page","type-page","status-publish","hentry","clearfix"],"_links":{"self":[{"href":"https:\/\/recerca.com\/index.php\/wp-json\/wp\/v2\/pages\/2102","targetHints":{"allow":["GET"]}}],"collection":[{"href":"https:\/\/recerca.com\/index.php\/wp-json\/wp\/v2\/pages"}],"about":[{"href":"https:\/\/recerca.com\/index.php\/wp-json\/wp\/v2\/types\/page"}],"author":[{"embeddable":true,"href":"https:\/\/recerca.com\/index.php\/wp-json\/wp\/v2\/users\/1"}],"replies":[{"embeddable":true,"href":"https:\/\/recerca.com\/index.php\/wp-json\/wp\/v2\/comments?post=2102"}],"version-history":[{"count":1,"href":"https:\/\/recerca.com\/index.php\/wp-json\/wp\/v2\/pages\/2102\/revisions"}],"predecessor-version":[{"id":2104,"href":"https:\/\/recerca.com\/index.php\/wp-json\/wp\/v2\/pages\/2102\/revisions\/2104"}],"wp:attachment":[{"href":"https:\/\/recerca.com\/index.php\/wp-json\/wp\/v2\/media?parent=2102"}],"curies":[{"name":"wp","href":"https:\/\/api.w.org\/{rel}","templated":true}]}}